List the prime factors of 194827.
194827
List the prime factors of 54189.
3, 223
List the prime factors of 411841.
411841
List the prime factors of 9062764.
2, 103, 21997
What are the prime factors of 5471587?
11, 497417
List the prime factors of 1199290.
2, 5, 119929
What are the prime factors of 20990469?
3, 6996823
What are the prime factors of 476865?
3, 5, 10597
List the prime factors of 116817.
3, 23, 1693
List the prime factors of 2673511.
2673511
List the prime factors of 1279905.
3, 5, 11, 7757
List the prime factors of 21301426.
2, 43, 247691
List the prime factors of 138815.
5, 27763
What are the prime factors of 1180830?
2, 3, 5, 7, 5623
List the prime factors of 1248347.
1248347
List the prime factors of 2225029.
41, 54269
List the prime factors of 25779058.
2, 1163, 11083
List the prime factors of 260829.
3, 73, 397
List the prime factors of 1521734.
2, 641, 1187
List the prime factors of 806966.
2, 403483
What are the prime factors of 28199954?
2, 167, 84431
What are the prime factors of 55843?
55843
List the prime factors of 7368023.
13, 97, 5843
List the prime factors of 283765.
5, 19, 29, 103
List the prime factors of 6581871.
3, 317, 769
What are the prime factors of 1561370?
2, 5, 193, 809
List the prime factors of 2525261.
43, 58727
What are the prime factors of 14266712?
2, 43, 67, 619
What are the prime factors of 174775?
5, 6991
What are the prime factors of 3301600?
2, 5, 4127
What are the prime factors of 7968274?
2, 17, 234361
What are the prime factors of 341913?
3, 11, 13, 797
What are the prime factors of 510348?
2, 3, 71, 599
List the prime factors of 3140895.
3, 5, 209393
What are the prime factors of 320387?
320387
What are the prime factors of 1756390?
2, 5, 37, 47, 101
What are the prime factors of 4698567?
3, 19, 43, 71
What are the prime factors of 9592272?
2, 3, 29, 2297
What are the prime factors of 268352?
2, 7, 599
List the prime factors of 19079927.
19079927
What are the prime factors of 1322720?
2, 5, 7, 1181
List the prime factors of 744539.
744539
List the prime factors of 157821.
3, 31, 1697
What are the prime factors of 120409?
347
What are the prime factors of 7595087?
7595087
What are the prime factors of 629939?
629939
List the prime factors of 6037062.
2, 3, 1006177
List the prime factors of 14573664.
2, 3, 7, 7229
What are the prime factors of 6991172?
2, 23, 75991
What are the prime factors of 11656328?
2, 439, 3319
List the prime factors of 13942533.
3, 11, 17, 29, 857
What are the prime factors of 1181567?
911, 1297
List the prime factors of 25865.
5, 7, 739
What are the prime factors of 22044836?
2, 11, 501019
What are the prime factors of 371853?
3, 79, 523
List the prime factors of 1778709.
3, 592903
What are the prime factors of 17351065?
5, 3470213
List the prime factors of 2199552.
2, 3, 179
List the prime factors of 143983.
7, 67, 307
What are the prime factors of 4175441?
101, 41341
What are the prime factors of 1445327?
13, 73, 1523
List the prime factors of 19724396.
2, 47, 104917
What are the prime factors of 6460558?
2, 13, 248483
List the prime factors of 26608128.
2, 3, 17, 1019
What are the prime factors of 19964628?
2, 3, 554573
What are the prime factors of 830291?
7, 11, 41, 263
What are the prime factors of 580318?
2, 179, 1621
What are the prime factors of 61225?
5, 31, 79
What are the prime factors of 10776417?
3, 151, 23789
What are the prime factors of 1428389?
1428389
List the prime factors of 496275.
3, 5, 13, 509
List the prime factors of 1870810.
2, 5, 187081
List the prime factors of 29834912.
2, 932341
What are the prime factors of 700093?
19, 36847
List the prime factors of 35090201.
35090201
List the prime factors of 1554950.
2, 5, 137, 227
What are the prime factors of 20825333?
127, 163979
List the prime factors of 248896.
2, 3889
List the prime factors of 1628349.
3, 542783
What are the prime factors of 3634949?
3634949
List the prime factors of 4241795.
5, 848359
List the prime factors of 175998.
2, 3, 29333
List the prime factors of 1777021.
59, 30119
List the prime factors of 763291.
251, 3041
What are the prime factors of 4581134?
2, 43, 53269
What are the prime factors of 7616609?
7, 11, 13, 1087
List the prime factors of 22052460.
2, 3, 5, 367541
List the prime factors of 7269571.
19, 157, 2437
What are the prime factors of 812713?
11, 73883
List the prime factors of 12319363.
7, 1759909
What are the prime factors of 32326185?
3, 5, 2155079
List the prime factors of 4130624.
2, 233, 277
List the prime factors of 14494061.
479, 30259
What are the prime factors of 5039400?
2, 3, 5, 37, 227
What are the prime factors of 1267683?
3, 31, 43, 317
List the prime factors of 1304168.
2, 163021
List the prime factors of 2539368.
2, 3, 13, 2713
List the prime factors of 2924102.
2, 17, 5059
List the prime factors of 34052.
2, 8513
What are the prime factors of 5141091?
3, 29, 59093
What are the prime factors of 3738369?
3, 37, 33679
What are the prime factors of 20802?
2, 3, 3467
List the prime factors of 5092156.
2, 1273039
What are the prime factors of 27968?
2, 19, 23
What are the prime factors of 1063994?
2, 531997
List the prime factors of 135459.
3, 29, 173
List the prime factors of 1947101.
13, 19, 7883
List the prime factors of 12471013.
17, 563, 1303
What are the prime factors of 11960421?
3, 11, 59, 6143
What are the prime factors of 12401762?
2, 41, 151241
List the prime factors of 15732401.
83, 189547
What are the prime factors of 4726487?
53, 257, 347
What are the prime factors of 85962?
2, 3, 14327
What are the prime factors of 1914138?
2, 3, 35447
List the prime factors of 2146601.
19, 112979
What are the prime factors of 279811?
7, 71, 563
List the prime factors of 1458110.
2, 5, 139, 1049
What are the prime factors of 74312?
2, 7, 1327
List the prime factors of 27165.
3, 5, 1811
List the prime factors of 9768497.
373, 26189
List the prime factors of 7907210.
2, 5, 17, 193, 241
List the prime factors of 31473.
3, 13, 269
List the prime factors of 35014.
2, 7, 41, 61
List the prime factors of 12246.
2, 3, 13, 157
What are the prime factors of 17920573?
11, 31, 52553
List the prime factors of 15610609.
7, 19, 117373
What are the prime factors of 5186460?
2, 3, 5, 86441
List the prime factors of 1020912.
2, 3, 21269
List the prime factors of 19070360.
2, 5, 476759
List the prime factors of 8219984.
2, 513749
List the prime factors of 13718853.
3, 67, 22751
What are the prime factors of 771103?
17, 67, 677
List the prime factors of 41474.
2, 89, 233
List the prime factors of 26550889.
17, 1561817
What are the prime factors of 113800?
2, 5, 569
List the prime factors of 135712.
2, 4241
What are the prime factors of 23603927?
31, 761417
What are the prime factors of 618980?
2, 5, 30949
List the prime factors of 8447622.
2, 3, 1407937
What are the prime factors of 1248250?
2, 5, 4993
What are the prime factors of 617715?
3, 5, 7, 37, 53
What are the prime factors of 465432?
2, 3, 11, 41, 43
List the prime factors of 1743274.
2, 13, 67049
List the prime factors of 11642534.
2, 137, 42491
What are the prime factors of 2953386?
2, 3, 47, 3491
What are the prime factors of 1524251?
337, 4523
List the prime factors of 127538.
2, 43, 1483
List the prime factors of 11575022.
2, 5787511
What are the prime factors of 13656425?
5, 167, 3271
List the prime factors of 7875878.
2, 29, 251, 541
List the prime factors of 351249.
3, 191, 613
What are the prime factors of 10971181?
13, 563, 1499
List the prime factors of 26249796.
2, 3, 67, 10883
List the prime factors of 911506.
2, 17, 19, 83
List the prime factors of 8867248.
2, 13, 89, 479
List the prime factors of 31914305.
5, 349, 18289
What are the prime factors of 1027763?
11, 233, 401
What are the prime factors of 883896?
2, 3, 13, 2833
List the prime factors of 4743979.
97, 48907
List the prime factors of 8991339.
3, 7, 61, 7019
What are the prime factors of 2280909?
3, 863, 881
List the prime factors of 1035721.
761, 1361
What are the prime factors of 797008?
2, 109, 457
What are the prime factors of 442314?
2, 3, 8191
What are the prime factors of 16361129?
173, 94573
List the prime factors of 4764841.
23, 223, 929
List the prime factors of 20003323.
223, 271, 331
What are the prime factors of 850228?
2